{"id":55,"date":"2018-10-03T19:05:40","date_gmt":"2018-10-03T17:05:40","guid":{"rendered":"http:\/\/www.apartments-tamara.eu\/trogir\/?page_id=55"},"modified":"2025-06-15T18:27:13","modified_gmt":"2025-06-15T16:27:13","slug":"apartman-a2-21","status":"publish","type":"page","link":"https:\/\/www.apartments-tamara.eu\/trogir\/apartman-a2-21\/","title":{"rendered":"Apartman A2 (2+0)"},"content":{"rendered":"<table>\n<tbody>\n<tr>\n<td width=\"501\"><\/td>\n<\/tr>\n<\/tbody>\n<\/table>\n<table style=\"height: 26px;\" width=\"269\">\n<tbody>\n<tr>\n<td>Kategorija:<\/td>\n<td><img decoding=\"async\" src=\"https:\/\/www.apartments-tamara.eu\/trogir\/wp-content\/uploads\/2019\/02\/3star.gif\" alt=\"\" width=\"\" \/><\/td>\n<\/tr>\n<\/tbody>\n<\/table>\n<div id=\"content\">\n<div id=\"post-112\" class=\"post page clearfix post-112 type-page status-publish hentry\">\n<table style=\"height: 121px;\" width=\"270\">\n<tbody>\n<tr>\n<td>Povr\u0161ina<\/td>\n<td>40 m<sup>2<\/sup><\/td>\n<\/tr>\n<tr>\n<td>Broj spava\u0107ih soba<\/td>\n<td>1<\/td>\n<\/tr>\n<tr>\n<td>Broj osnovnih le\u017eaja<\/td>\n<td>2<\/td>\n<\/tr>\n<tr>\n<td>Broj pomo\u0107nih le\u017eaja<\/td>\n<td>0<\/td>\n<\/tr>\n<\/tbody>\n<\/table>\n<\/div>\n<\/div>\n<h4><\/h4>\n<div id=\"content\">\n<div id=\"post-112\" class=\"post page clearfix post-112 type-page status-publish hentry\">\n\n\t\t<style type=\"text\/css\">\n\t\t\t#gallery-1 {\n\t\t\t\tmargin: auto;\n\t\t\t}\n\t\t\t#gallery-1 .gallery-item {\n\t\t\t\tfloat: left;\n\t\t\t\tmargin-top: 10px;\n\t\t\t\ttext-align: center;\n\t\t\t\twidth: 33%;\n\t\t\t}\n\t\t\t#gallery-1 img {\n\t\t\t\tborder: 2px solid #cfcfcf;\n\t\t\t}\n\t\t\t#gallery-1 .gallery-caption {\n\t\t\t\tmargin-left: 0;\n\t\t\t}\n\t\t\t\/* see gallery_shortcode() in wp-includes\/media.php *\/\n\t\t<\/style>\n\t\t<div id='gallery-1' class='gallery galleryid-55 gallery-columns-3 gallery-size-medium'><dl class='gallery-item'>\n\t\t\t<dt class='gallery-icon landscape'>\n\t\t\t\t<a href='https:\/\/www.apartments-tamara.eu\/trogir\/wp-content\/uploads\/2025\/06\/t2.jpg'><img loading=\"lazy\" decoding=\"async\" width=\"300\" height=\"225\" src=\"https:\/\/www.apartments-tamara.eu\/trogir\/wp-content\/uploads\/2025\/06\/t2-300x225.jpg\" class=\"attachment-medium size-medium\" alt=\"\" srcset=\"https:\/\/www.apartments-tamara.eu\/trogir\/wp-content\/uploads\/2025\/06\/t2-300x225.jpg 300w, https:\/\/www.apartments-tamara.eu\/trogir\/wp-content\/uploads\/2025\/06\/t2-1024x768.jpg 1024w, https:\/\/www.apartments-tamara.eu\/trogir\/wp-content\/uploads\/2025\/06\/t2-768x576.jpg 768w, https:\/\/www.apartments-tamara.eu\/trogir\/wp-content\/uploads\/2025\/06\/t2-1536x1152.jpg 1536w, https:\/\/www.apartments-tamara.eu\/trogir\/wp-content\/uploads\/2025\/06\/t2.jpg 1600w\" sizes=\"auto, (max-width: 300px) 100vw, 300px\" \/><\/a>\n\t\t\t<\/dt><\/dl><dl class='gallery-item'>\n\t\t\t<dt class='gallery-icon landscape'>\n\t\t\t\t<a href='https:\/\/www.apartments-tamara.eu\/trogir\/wp-content\/uploads\/2025\/06\/t3.jpg'><img loading=\"lazy\" decoding=\"async\" width=\"300\" height=\"225\" src=\"https:\/\/www.apartments-tamara.eu\/trogir\/wp-content\/uploads\/2025\/06\/t3-300x225.jpg\" class=\"attachment-medium size-medium\" alt=\"\" srcset=\"https:\/\/www.apartments-tamara.eu\/trogir\/wp-content\/uploads\/2025\/06\/t3-300x225.jpg 300w, https:\/\/www.apartments-tamara.eu\/trogir\/wp-content\/uploads\/2025\/06\/t3-1024x768.jpg 1024w, https:\/\/www.apartments-tamara.eu\/trogir\/wp-content\/uploads\/2025\/06\/t3-768x576.jpg 768w, https:\/\/www.apartments-tamara.eu\/trogir\/wp-content\/uploads\/2025\/06\/t3-1536x1152.jpg 1536w, https:\/\/www.apartments-tamara.eu\/trogir\/wp-content\/uploads\/2025\/06\/t3.jpg 1600w\" sizes=\"auto, (max-width: 300px) 100vw, 300px\" \/><\/a>\n\t\t\t<\/dt><\/dl><dl class='gallery-item'>\n\t\t\t<dt class='gallery-icon landscape'>\n\t\t\t\t<a href='https:\/\/www.apartments-tamara.eu\/trogir\/wp-content\/uploads\/2025\/06\/t4.jpg'><img loading=\"lazy\" decoding=\"async\" width=\"300\" height=\"225\" src=\"https:\/\/www.apartments-tamara.eu\/trogir\/wp-content\/uploads\/2025\/06\/t4-300x225.jpg\" class=\"attachment-medium size-medium\" alt=\"\" srcset=\"https:\/\/www.apartments-tamara.eu\/trogir\/wp-content\/uploads\/2025\/06\/t4-300x225.jpg 300w, https:\/\/www.apartments-tamara.eu\/trogir\/wp-content\/uploads\/2025\/06\/t4-1024x768.jpg 1024w, https:\/\/www.apartments-tamara.eu\/trogir\/wp-content\/uploads\/2025\/06\/t4-768x576.jpg 768w, https:\/\/www.apartments-tamara.eu\/trogir\/wp-content\/uploads\/2025\/06\/t4-1536x1152.jpg 1536w, https:\/\/www.apartments-tamara.eu\/trogir\/wp-content\/uploads\/2025\/06\/t4.jpg 1600w\" sizes=\"auto, (max-width: 300px) 100vw, 300px\" \/><\/a>\n\t\t\t<\/dt><\/dl><br style=\"clear: both\" \/><dl class='gallery-item'>\n\t\t\t<dt class='gallery-icon landscape'>\n\t\t\t\t<a href='https:\/\/www.apartments-tamara.eu\/trogir\/wp-content\/uploads\/2025\/06\/t5.jpg'><img loading=\"lazy\" decoding=\"async\" width=\"300\" height=\"225\" src=\"https:\/\/www.apartments-tamara.eu\/trogir\/wp-content\/uploads\/2025\/06\/t5-300x225.jpg\" class=\"attachment-medium size-medium\" alt=\"\" srcset=\"https:\/\/www.apartments-tamara.eu\/trogir\/wp-content\/uploads\/2025\/06\/t5-300x225.jpg 300w, https:\/\/www.apartments-tamara.eu\/trogir\/wp-content\/uploads\/2025\/06\/t5-1024x768.jpg 1024w, https:\/\/www.apartments-tamara.eu\/trogir\/wp-content\/uploads\/2025\/06\/t5-768x576.jpg 768w, https:\/\/www.apartments-tamara.eu\/trogir\/wp-content\/uploads\/2025\/06\/t5-1536x1152.jpg 1536w, https:\/\/www.apartments-tamara.eu\/trogir\/wp-content\/uploads\/2025\/06\/t5.jpg 1600w\" sizes=\"auto, (max-width: 300px) 100vw, 300px\" \/><\/a>\n\t\t\t<\/dt><\/dl><dl class='gallery-item'>\n\t\t\t<dt class='gallery-icon landscape'>\n\t\t\t\t<a href='https:\/\/www.apartments-tamara.eu\/trogir\/wp-content\/uploads\/2025\/06\/t6.jpg'><img loading=\"lazy\" decoding=\"async\" width=\"300\" height=\"225\" src=\"https:\/\/www.apartments-tamara.eu\/trogir\/wp-content\/uploads\/2025\/06\/t6-300x225.jpg\" class=\"attachment-medium size-medium\" alt=\"\" srcset=\"https:\/\/www.apartments-tamara.eu\/trogir\/wp-content\/uploads\/2025\/06\/t6-300x225.jpg 300w, https:\/\/www.apartments-tamara.eu\/trogir\/wp-content\/uploads\/2025\/06\/t6-1024x768.jpg 1024w, https:\/\/www.apartments-tamara.eu\/trogir\/wp-content\/uploads\/2025\/06\/t6-768x576.jpg 768w, https:\/\/www.apartments-tamara.eu\/trogir\/wp-content\/uploads\/2025\/06\/t6-1536x1152.jpg 1536w, https:\/\/www.apartments-tamara.eu\/trogir\/wp-content\/uploads\/2025\/06\/t6.jpg 1600w\" sizes=\"auto, (max-width: 300px) 100vw, 300px\" \/><\/a>\n\t\t\t<\/dt><\/dl><dl class='gallery-item'>\n\t\t\t<dt class='gallery-icon landscape'>\n\t\t\t\t<a href='https:\/\/www.apartments-tamara.eu\/trogir\/wp-content\/uploads\/2025\/06\/t8.jpg'><img loading=\"lazy\" decoding=\"async\" width=\"300\" height=\"225\" src=\"https:\/\/www.apartments-tamara.eu\/trogir\/wp-content\/uploads\/2025\/06\/t8-300x225.jpg\" class=\"attachment-medium size-medium\" alt=\"\" srcset=\"https:\/\/www.apartments-tamara.eu\/trogir\/wp-content\/uploads\/2025\/06\/t8-300x225.jpg 300w, https:\/\/www.apartments-tamara.eu\/trogir\/wp-content\/uploads\/2025\/06\/t8-1024x768.jpg 1024w, https:\/\/www.apartments-tamara.eu\/trogir\/wp-content\/uploads\/2025\/06\/t8-768x576.jpg 768w, https:\/\/www.apartments-tamara.eu\/trogir\/wp-content\/uploads\/2025\/06\/t8-1536x1152.jpg 1536w, https:\/\/www.apartments-tamara.eu\/trogir\/wp-content\/uploads\/2025\/06\/t8.jpg 1600w\" sizes=\"auto, (max-width: 300px) 100vw, 300px\" \/><\/a>\n\t\t\t<\/dt><\/dl><br style=\"clear: both\" \/><dl class='gallery-item'>\n\t\t\t<dt class='gallery-icon landscape'>\n\t\t\t\t<a href='https:\/\/www.apartments-tamara.eu\/trogir\/wp-content\/uploads\/2025\/06\/t81.jpg'><img loading=\"lazy\" decoding=\"async\" width=\"300\" height=\"225\" src=\"https:\/\/www.apartments-tamara.eu\/trogir\/wp-content\/uploads\/2025\/06\/t81-300x225.jpg\" class=\"attachment-medium size-medium\" alt=\"\" srcset=\"https:\/\/www.apartments-tamara.eu\/trogir\/wp-content\/uploads\/2025\/06\/t81-300x225.jpg 300w, https:\/\/www.apartments-tamara.eu\/trogir\/wp-content\/uploads\/2025\/06\/t81-1024x768.jpg 1024w, https:\/\/www.apartments-tamara.eu\/trogir\/wp-content\/uploads\/2025\/06\/t81-768x576.jpg 768w, https:\/\/www.apartments-tamara.eu\/trogir\/wp-content\/uploads\/2025\/06\/t81-1536x1152.jpg 1536w, https:\/\/www.apartments-tamara.eu\/trogir\/wp-content\/uploads\/2025\/06\/t81.jpg 1600w\" sizes=\"auto, (max-width: 300px) 100vw, 300px\" \/><\/a>\n\t\t\t<\/dt><\/dl><dl class='gallery-item'>\n\t\t\t<dt class='gallery-icon landscape'>\n\t\t\t\t<a href='https:\/\/www.apartments-tamara.eu\/trogir\/wp-content\/uploads\/2025\/06\/t9.jpg'><img loading=\"lazy\" decoding=\"async\" width=\"300\" height=\"225\" src=\"https:\/\/www.apartments-tamara.eu\/trogir\/wp-content\/uploads\/2025\/06\/t9-300x225.jpg\" class=\"attachment-medium size-medium\" alt=\"\" srcset=\"https:\/\/www.apartments-tamara.eu\/trogir\/wp-content\/uploads\/2025\/06\/t9-300x225.jpg 300w, https:\/\/www.apartments-tamara.eu\/trogir\/wp-content\/uploads\/2025\/06\/t9-1024x768.jpg 1024w, https:\/\/www.apartments-tamara.eu\/trogir\/wp-content\/uploads\/2025\/06\/t9-768x576.jpg 768w, https:\/\/www.apartments-tamara.eu\/trogir\/wp-content\/uploads\/2025\/06\/t9-1536x1152.jpg 1536w, https:\/\/www.apartments-tamara.eu\/trogir\/wp-content\/uploads\/2025\/06\/t9.jpg 1600w\" sizes=\"auto, (max-width: 300px) 100vw, 300px\" \/><\/a>\n\t\t\t<\/dt><\/dl><dl class='gallery-item'>\n\t\t\t<dt class='gallery-icon landscape'>\n\t\t\t\t<a href='https:\/\/www.apartments-tamara.eu\/trogir\/wp-content\/uploads\/2025\/06\/t12.jpg'><img loading=\"lazy\" decoding=\"async\" width=\"300\" height=\"225\" src=\"https:\/\/www.apartments-tamara.eu\/trogir\/wp-content\/uploads\/2025\/06\/t12-300x225.jpg\" class=\"attachment-medium size-medium\" alt=\"\" srcset=\"https:\/\/www.apartments-tamara.eu\/trogir\/wp-content\/uploads\/2025\/06\/t12-300x225.jpg 300w, https:\/\/www.apartments-tamara.eu\/trogir\/wp-content\/uploads\/2025\/06\/t12-768x577.jpg 768w, https:\/\/www.apartments-tamara.eu\/trogir\/wp-content\/uploads\/2025\/06\/t12.jpg 800w\" sizes=\"auto, (max-width: 300px) 100vw, 300px\" \/><\/a>\n\t\t\t<\/dt><\/dl><br style=\"clear: both\" \/>\n\t\t<\/div>\n\n<table>\n<tbody>\n<tr>\n<td width=\"501\">\n<h3><strong>Opremljenost apartmana<\/strong><\/h3>\n<\/td>\n<\/tr>\n<\/tbody>\n<\/table>\n<table class=\"table\" border=\"0\" cellspacing=\"0\" cellpadding=\"0\">\n<tbody>\n<tr>\n<td width=\"194\">Terasa<\/td>\n<td width=\"53\"><img decoding=\"async\" src=\"https:\/\/www.apartments-tamara.eu\/trogir\/wp-content\/uploads\/2019\/02\/ja.gif\" alt=\"\" \/><\/td>\n<td width=\"194\">Balkon<\/td>\n<td width=\"53\"><img decoding=\"async\" src=\"https:\/\/www.apartments-tamara.eu\/trogir\/wp-content\/uploads\/2019\/02\/ja.gif\" alt=\"\" \/><\/td>\n<\/tr>\n<tr>\n<td width=\"204\">Klimatizacija<\/td>\n<td width=\"53\"><img decoding=\"async\" src=\"https:\/\/www.apartments-tamara.eu\/trogir\/wp-content\/uploads\/2019\/02\/ja.gif\" alt=\"\" \/><\/td>\n<td width=\"204\">TV-SAT<\/td>\n<td width=\"53\"><img decoding=\"async\" src=\"https:\/\/www.apartments-tamara.eu\/trogir\/wp-content\/uploads\/2019\/02\/ja.gif\" alt=\"\" \/><\/td>\n<\/tr>\n<tr>\n<td width=\"204\">Hladnjak<\/td>\n<td width=\"53\"><img decoding=\"async\" src=\"https:\/\/www.apartments-tamara.eu\/trogir\/wp-content\/uploads\/2019\/02\/ja.gif\" alt=\"\" \/><\/td>\n<td width=\"194\">Perilica rublja<\/td>\n<td width=\"53\"><img decoding=\"async\" src=\"https:\/\/www.apartments-tamara.eu\/trogir\/wp-content\/uploads\/2019\/02\/ja.gif\" alt=\"\" \/><\/td>\n<\/tr>\n<tr>\n<td width=\"204\">Mikrovalna<\/td>\n<td width=\"53\"><img decoding=\"async\" src=\"https:\/\/www.apartments-tamara.eu\/trogir\/wp-content\/uploads\/2019\/02\/ja.gif\" alt=\"\" \/><\/td>\n<td width=\"194\">Kuhalo za vodu<\/td>\n<td width=\"53\"><img decoding=\"async\" src=\"https:\/\/www.apartments-tamara.eu\/trogir\/wp-content\/uploads\/2019\/02\/ja.gif\" alt=\"\" \/><\/td>\n<\/tr>\n<tr>\n<td width=\"204\">\u0160tednjak<\/td>\n<td width=\"53\"><img decoding=\"async\" src=\"https:\/\/www.apartments-tamara.eu\/trogir\/wp-content\/uploads\/2019\/02\/ja.gif\" alt=\"\" \/><\/td>\n<td width=\"194\">Zamrziva\u010d<\/td>\n<td width=\"53\"><img decoding=\"async\" src=\"https:\/\/www.apartments-tamara.eu\/trogir\/wp-content\/uploads\/2019\/02\/ja.gif\" alt=\"\" \/><\/td>\n<\/tr>\n<tr>\n<td width=\"204\">Ro\u0161tilj<\/td>\n<td width=\"53\"><img decoding=\"async\" src=\"https:\/\/www.apartments-tamara.eu\/trogir\/wp-content\/uploads\/2019\/02\/ne.gif\" alt=\"\" \/><\/td>\n<td width=\"194\">Perilica posu\u0111a<\/td>\n<td width=\"53\"><img decoding=\"async\" src=\"https:\/\/www.apartments-tamara.eu\/trogir\/wp-content\/uploads\/2019\/02\/ja.gif\" alt=\"\" \/><\/td>\n<\/tr>\n<\/tbody>\n<\/table>\n<h4><\/h4>\n<table>\n<tbody>\n<tr>\n<td width=\"501\">\n<h3><strong>Opremljenost objekta<\/strong><\/h3>\n<\/td>\n<\/tr>\n<\/tbody>\n<\/table>\n<table class=\"table\" border=\"0\" cellspacing=\"0\" cellpadding=\"0\">\n<tbody>\n<tr>\n<td width=\"204\">parkirali\u0161te<\/td>\n<td width=\"53\"><img decoding=\"async\" src=\"https:\/\/www.apartments-tamara.eu\/trogir\/wp-content\/uploads\/2019\/02\/ja.gif\" alt=\"\" \/><\/td>\n<td width=\"194\">gara\u017ea<\/td>\n<td width=\"53\"><img decoding=\"async\" src=\"https:\/\/www.apartments-tamara.eu\/trogir\/wp-content\/uploads\/2019\/02\/ne.gif\" alt=\"\" \/><\/td>\n<\/tr>\n<tr>\n<td width=\"204\">klimatizacija<\/td>\n<td width=\"53\"><img decoding=\"async\" src=\"https:\/\/www.apartments-tamara.eu\/trogir\/wp-content\/uploads\/2019\/02\/ja.gif\" alt=\"\" \/><\/td>\n<td width=\"194\">\u017eivotinje dozvoljene<\/td>\n<td width=\"53\"><img decoding=\"async\" src=\"https:\/\/www.apartments-tamara.eu\/trogir\/wp-content\/uploads\/2019\/02\/ne.gif\" alt=\"\" \/><\/td>\n<\/tr>\n<tr>\n<td width=\"204\">internet priklju\u010dak<\/td>\n<td width=\"53\"><img decoding=\"async\" src=\"https:\/\/www.apartments-tamara.eu\/trogir\/wp-content\/uploads\/2019\/02\/ja.gif\" alt=\"\" \/><\/td>\n<td width=\"194\">ro\u0161tilj<\/td>\n<td width=\"53\"><img decoding=\"async\" src=\"https:\/\/www.apartments-tamara.eu\/trogir\/wp-content\/uploads\/2019\/02\/ne.gif\" alt=\"\" \/><\/td>\n<\/tr>\n<tr>\n<td width=\"204\">ru\u010dnici<\/td>\n<td width=\"53\"><img decoding=\"async\" src=\"https:\/\/www.apartments-tamara.eu\/trogir\/wp-content\/uploads\/2019\/02\/ja.gif\" alt=\"\" \/><\/td>\n<td width=\"194\">posteljina<\/td>\n<td width=\"53\"><img decoding=\"async\" src=\"https:\/\/www.apartments-tamara.eu\/trogir\/wp-content\/uploads\/2019\/02\/ja.gif\" alt=\"\" \/><\/td>\n<\/tr>\n<tr>\n<td width=\"204\">kori\u0161tenje oku\u0107nice<\/td>\n<td width=\"53\"><img decoding=\"async\" src=\"https:\/\/www.apartments-tamara.eu\/trogir\/wp-content\/uploads\/2019\/02\/ja.gif\" alt=\"\" \/><\/td>\n<td width=\"194\">mogu\u0107 polupansion<\/td>\n<td width=\"53\"><img decoding=\"async\" src=\"https:\/\/www.apartments-tamara.eu\/trogir\/wp-content\/uploads\/2019\/02\/ne.gif\" alt=\"\" \/><\/td>\n<\/tr>\n<tr>\n<td width=\"204\">bazen<\/td>\n<td width=\"53\"><img decoding=\"async\" src=\"https:\/\/www.apartments-tamara.eu\/trogir\/wp-content\/uploads\/2019\/02\/ne.gif\" alt=\"\" \/><\/td>\n<td width=\"194\">tenisko igrali\u0161te<\/td>\n<td width=\"53\"><img decoding=\"async\" src=\"https:\/\/www.apartments-tamara.eu\/trogir\/wp-content\/uploads\/2019\/02\/ne.gif\" alt=\"\" \/><\/td>\n<\/tr>\n<tr>\n<td width=\"204\">betonska pla\u017ea<\/td>\n<td width=\"53\"><img decoding=\"async\" src=\"https:\/\/www.apartments-tamara.eu\/trogir\/wp-content\/uploads\/2019\/02\/ja.gif\" alt=\"\" \/><\/td>\n<td width=\"194\">pje\u0161\u010dana pla\u017ea<\/td>\n<td width=\"53\"><img decoding=\"async\" src=\"https:\/\/www.apartments-tamara.eu\/trogir\/wp-content\/uploads\/2019\/02\/ja.gif\" alt=\"\" \/><\/td>\n<\/tr>\n<tr>\n<td width=\"204\">\u0161ljun\u010dana pla\u017ea<\/td>\n<td width=\"53\"><img decoding=\"async\" src=\"https:\/\/www.apartments-tamara.eu\/trogir\/wp-content\/uploads\/2019\/02\/ja.gif\" alt=\"\" \/><\/td>\n<td width=\"194\">turisti\u010dka taksa u cijeni<\/td>\n<td width=\"53\"><img decoding=\"async\" src=\"https:\/\/www.apartments-tamara.eu\/trogir\/wp-content\/uploads\/2019\/02\/ja.gif\" alt=\"\" \/><\/td>\n<\/tr>\n<\/tbody>\n<\/table>\n<\/div>\n<h4><\/h4>\n<div id=\"post-112\" class=\"post page clearfix post-112 type-page status-publish hentry\">\n<div class=\"fll\">\n<table style=\"height: 178px;\" width=\"500\">\n<thead>\n<tr>\n<th colspan=\"2\">\n<h3 style=\"text-align: left;\"><strong>Cijena\/no\u0107<\/strong><\/h3>\n<\/th>\n<\/tr>\n<\/thead>\n<tbody>\n<tr>\n<td class=\"td_ident\">27.04. &#8211; 31.05.<\/td>\n<td class=\"ptx_tb ptx_right\">70.00 EUR<\/td>\n<\/tr>\n<tr>\n<td class=\"td_ident\">01.06. &#8211; 30.06.<\/td>\n<td class=\"ptx_tb ptx_right\">75.00 EUR<\/td>\n<\/tr>\n<tr>\n<td class=\"td_ident\">01.07. &#8211; 31.08.<\/td>\n<td class=\"ptx_tb ptx_right\">85.00 EUR<\/td>\n<\/tr>\n<tr>\n<td class=\"td_ident\">01.09. &#8211; 30.09.<\/td>\n<td class=\"ptx_tb ptx_right\">75.00 EUR<\/td>\n<\/tr>\n<\/tbody>\n<\/table>\n<h4><\/h4>\n<table>\n<tbody>\n<tr>\n<td width=\"501\">\n<h3><strong>Udaljenosti<\/strong><\/h3>\n<\/td>\n<\/tr>\n<\/tbody>\n<\/table>\n<table style=\"height: 287px;\" width=\"248\" cellspacing=\"0\" cellpadding=\"0\">\n<tbody>\n<tr>\n<td width=\"150\">pla\u017ea:<\/td>\n<td width=\"59\">150 m<\/td>\n<\/tr>\n<tr>\n<td width=\"150\">more:<\/td>\n<td>150 m<\/td>\n<\/tr>\n<tr>\n<td width=\"150\">centar:<\/td>\n<td>500 m<\/td>\n<\/tr>\n<tr>\n<td width=\"150\">market:<\/td>\n<td>150 m<\/td>\n<\/tr>\n<tr>\n<td width=\"150\">restoran:<\/td>\n<td>150 m<\/td>\n<\/tr>\n<tr>\n<td width=\"150\">sport:<\/td>\n<td>500 m<\/td>\n<\/tr>\n<tr>\n<td width=\"150\">lije\u010dnik:<\/td>\n<td>500 m<\/td>\n<\/tr>\n<tr>\n<td width=\"150\">apoteka:<\/td>\n<td>500 m<\/td>\n<\/tr>\n<tr>\n<td width=\"150\">benzinska postaja:<\/td>\n<td>3000 m<\/td>\n<\/tr>\n<tr>\n<td width=\"150\">bankomat:<\/td>\n<td>150 m<\/td>\n<\/tr>\n<tr>\n<td width=\"150\">po\u0161ta:<\/td>\n<td>500 m<\/td>\n<\/tr>\n<tr>\n<td width=\"150\">autobus:<\/td>\n<td>150 m<\/td>\n<\/tr>\n<\/tbody>\n<\/table>\n<table>\n<tbody>\n<tr>\n<td width=\"501\">\n<h3 style=\"text-align: left;\"><strong>Kalendar rezervacija<\/strong><\/h3>\n<\/td>\n<\/tr>\n<\/tbody>\n<\/table>\n<p><iframe loading=\"lazy\" style=\"border-width: 0;\" src=\"https:\/\/calendar.google.com\/calendar\/embed?height=600&amp;wkst=1&amp;ctz=Europe%2FVienna&amp;showPrint=0&amp;hl=en&amp;showTitle=0&amp;showTabs=0&amp;showCalendars=0&amp;showTz=0&amp;src=NGN1dXFxcXBncDdmc3M2aWMyN3Foa3QyOXA5dDQzbXRAaW1wb3J0LmNhbGVuZGFyLmdvb2dsZS5jb20&amp;color=%23AD1457\" width=\"800\" height=\"600\" frameborder=\"0\" scrolling=\"no\"><\/iframe><\/p>\n<\/div>\n<\/div>\n<\/div>\n","protected":false},"excerpt":{"rendered":"<p>Kategorija: Povr\u0161ina 40 m2 Broj spava\u0107ih soba 1 Broj osnovnih le\u017eaja 2 Broj pomo\u0107nih le\u017eaja 0 Opremljenost apartmana Terasa Balkon Klimatizacija TV-SAT Hladnjak Perilica rublja Mikrovalna Kuhalo za vodu \u0160tednjak Zamrziva\u010d Ro\u0161tilj Perilica posu\u0111a Opremljenost objekta parkirali\u0161te gara\u017ea klimatizacija \u017eivotinje dozvoljene internet priklju\u010dak ro\u0161tilj ru\u010dnici posteljina kori\u0161tenje oku\u0107nice mogu\u0107 polupansion bazen tenisko igrali\u0161te betonska pla\u017ea<br \/><a class=\"moretag\" href=\"https:\/\/www.apartments-tamara.eu\/trogir\/apartman-a2-21\/\">+ Read More<\/a><\/p>\n","protected":false},"author":1,"featured_media":0,"parent":0,"menu_order":0,"comment_status":"closed","ping_status":"closed","template":"","meta":{"footnotes":""},"class_list":["post-55","page","type-page","status-publish","hentry"],"_links":{"self":[{"href":"https:\/\/www.apartments-tamara.eu\/trogir\/wp-json\/wp\/v2\/pages\/55","targetHints":{"allow":["GET"]}}],"collection":[{"href":"https:\/\/www.apartments-tamara.eu\/trogir\/wp-json\/wp\/v2\/pages"}],"about":[{"href":"https:\/\/www.apartments-tamara.eu\/trogir\/wp-json\/wp\/v2\/types\/page"}],"author":[{"embeddable":true,"href":"https:\/\/www.apartments-tamara.eu\/trogir\/wp-json\/wp\/v2\/users\/1"}],"replies":[{"embeddable":true,"href":"https:\/\/www.apartments-tamara.eu\/trogir\/wp-json\/wp\/v2\/comments?post=55"}],"version-history":[{"count":86,"href":"https:\/\/www.apartments-tamara.eu\/trogir\/wp-json\/wp\/v2\/pages\/55\/revisions"}],"predecessor-version":[{"id":1081,"href":"https:\/\/www.apartments-tamara.eu\/trogir\/wp-json\/wp\/v2\/pages\/55\/revisions\/1081"}],"wp:attachment":[{"href":"https:\/\/www.apartments-tamara.eu\/trogir\/wp-json\/wp\/v2\/media?parent=55"}],"curies":[{"name":"wp","href":"https:\/\/api.w.org\/{rel}","templated":true}]}}